{"id":83,"date":"2020-11-05T15:28:02","date_gmt":"2020-11-05T14:28:02","guid":{"rendered":"https:\/\/sonara.at\/?page_id=83"},"modified":"2020-12-08T21:50:04","modified_gmt":"2020-12-08T20:50:04","slug":"partner","status":"publish","type":"page","link":"https:\/\/sonara.at\/?page_id=83","title":{"rendered":"Partner"},"content":{"rendered":"\n<p>Anita W\u00fcrkner: <a href=\"http:\/\/www.anita-wuerkner.at\">www.anita-wuerkner.at<\/a> <\/p>\n\n\n\n<p>Institut f\u00fcr Franz Kett P\u00e4dagogik: <a href=\"http:\/\/www.franz-kett-paedagogik.de\">www.franz-kett-paedagogik.de<\/a><\/p>\n\n\n\n<div class=\"wp-block-image\"><figure class=\"aligncenter size-large is-resized\"><img loading=\"lazy\" src=\"https:\/\/sonara.at\/wp-content\/uploads\/2020\/11\/FusbildGrun.jpg\" alt=\"\" class=\"wp-image-185\" width=\"750\" height=\"225\" srcset=\"https:\/\/sonara.at\/wp-content\/uploads\/2020\/11\/FusbildGrun.jpg 1000w, https:\/\/sonara.at\/wp-content\/uploads\/2020\/11\/FusbildGrun-300x90.jpg 300w, https:\/\/sonara.at\/wp-content\/uploads\/2020\/11\/FusbildGrun-768x230.jpg 768w\" sizes=\"(max-width: 750px) 100vw, 750px\" \/><\/figure><\/div>\n","protected":false},"excerpt":{"rendered":"<p>Anita W\u00fcrkner: www.anita-wuerkner.at Institut f\u00fcr Franz Kett P\u00e4dagogik: www.franz-kett-paedagogik.de<\/p>\n","protected":false},"author":2,"featured_media":0,"parent":0,"menu_order":0,"comment_status":"closed","ping_status":"closed","template":"","meta":{"wp_social_preview_title":"","wp_social_preview_description":"","wp_social_preview_image":0},"_links":{"self":[{"href":"https:\/\/sonara.at\/index.php?rest_route=\/wp\/v2\/pages\/83"}],"collection":[{"href":"https:\/\/sonara.at\/index.php?rest_route=\/wp\/v2\/pages"}],"about":[{"href":"https:\/\/sonara.at\/index.php?rest_route=\/wp\/v2\/types\/page"}],"author":[{"embeddable":true,"href":"https:\/\/sonara.at\/index.php?rest_route=\/wp\/v2\/users\/2"}],"replies":[{"embeddable":true,"href":"https:\/\/sonara.at\/index.php?rest_route=%2Fwp%2Fv2%2Fcomments&post=83"}],"version-history":[{"count":8,"href":"https:\/\/sonara.at\/index.php?rest_route=\/wp\/v2\/pages\/83\/revisions"}],"predecessor-version":[{"id":258,"href":"https:\/\/sonara.at\/index.php?rest_route=\/wp\/v2\/pages\/83\/revisions\/258"}],"wp:attachment":[{"href":"https:\/\/sonara.at\/index.php?rest_route=%2Fwp%2Fv2%2Fmedia&parent=83"}],"curies":[{"name":"wp","href":"https:\/\/api.w.org\/{rel}","templated":true}]}}